{"id":931,"date":"2025-08-06T09:42:23","date_gmt":"2025-08-06T08:42:23","guid":{"rendered":"https:\/\/www.formalogo.be\/?page_id=931"},"modified":"2026-04-02T21:43:56","modified_gmt":"2026-04-02T20:43:56","slug":"parcours-transformationnel","status":"publish","type":"page","link":"https:\/\/www.formalogo.be\/?page_id=931","title":{"rendered":"Parcours transformationnel"},"content":{"rendered":"\n<figure class=\"wp-block-gallery has-nested-images columns-default is-cropped wp-block-gallery-1 is-layout-flex wp-block-gallery-is-layout-flex\">\n<figure class=\"wp-block-image size-large\"><a href=\"https:\/\/www.formalogo.be\/wp-content\/uploads\/2025\/04\/Parcours-Terre-scaled.jpg\"><img loading=\"lazy\" decoding=\"async\" width=\"1024\" height=\"576\" data-id=\"890\" src=\"https:\/\/www.formalogo.be\/wp-content\/uploads\/2025\/04\/Parcours-Terre-1024x576.jpg\" alt=\"\" class=\"wp-image-890\" srcset=\"https:\/\/www.formalogo.be\/wp-content\/uploads\/2025\/04\/Parcours-Terre-1024x576.jpg 1024w, https:\/\/www.formalogo.be\/wp-content\/uploads\/2025\/04\/Parcours-Terre-300x169.jpg 300w, https:\/\/www.formalogo.be\/wp-content\/uploads\/2025\/04\/Parcours-Terre-768x432.jpg 768w, https:\/\/www.formalogo.be\/wp-content\/uploads\/2025\/04\/Parcours-Terre-1536x864.jpg 1536w, https:\/\/www.formalogo.be\/wp-content\/uploads\/2025\/04\/Parcours-Terre-2048x1152.jpg 2048w, https:\/\/www.formalogo.be\/wp-content\/uploads\/2025\/04\/Parcours-Terre-624x351.jpg 624w\" sizes=\"auto, (max-width: 1024px) 100vw, 1024px\" \/><\/a><\/figure>\n<\/figure>\n\n\n\n<p><strong>L\u2019\u00e9veil \u00e0 soi par le Langage Du C\u0153ur\u00ae<\/strong>, 5 jours r\u00e9partis <strong><u>sur 8 mois<\/u><\/strong> pour :<\/p>\n\n\n\n<ul class=\"wp-block-list\">\n<li>Se d\u00e9couvrir<\/li>\n\n\n\n<li>S\u2019accueillir&nbsp;&nbsp;&nbsp;&nbsp;&nbsp;&nbsp;&nbsp;&nbsp;&nbsp;&nbsp;&nbsp;&nbsp;&nbsp;&nbsp;&nbsp;&nbsp;&nbsp;&nbsp;&nbsp;&nbsp;&nbsp;&nbsp;&nbsp;&nbsp;&nbsp;&nbsp;&nbsp;&nbsp;&nbsp;&nbsp;POUR m\u2019ouvrir \u00e0 \u00ab&nbsp;moi-m\u2019aime&nbsp;\u00bb et aux autres.<\/li>\n\n\n\n<li>S\u2019\u00e9panouir<\/li>\n\n\n\n<li>Se sublimer<\/li>\n<\/ul>\n\n\n\n<p>Nous sommes nombreux \u00e0 chercher la paix int\u00e9rieure et \u00e0 vouloir nous reconnecter \u00e0 nous-m\u00eame. Mais souvent, les m\u00e9thodes semblent superficielles et le v\u00e9ritable changement para\u00eet hors de port\u00e9e. Aujourd\u2019hui, j\u2019ai envie de vous proposer un parcours diff\u00e9rent, con\u00e7u pour aller en profondeur, l\u00e0 o\u00f9 le c\u0153ur peut enfin s\u2019ouvrir et se lib\u00e9rer.<\/p>\n\n\n\n<p>Dans un monde exigeant, le stress et les attentes p\u00e8sent lourd, emp\u00eachant beaucoup d\u2019entre nous d\u2019exprimer qui nous sommes vraiment. Nous avons parfois du mal \u00e0 nous aimer pleinement et \u00e0 nous accepter.<\/p>\n\n\n\n<p>Ainsi je vous invite \u00e0 vous POSER et vous laisser guider durant <strong><u>5 jours&nbsp;<\/u><\/strong> en pr\u00e9sentiel pour&nbsp;voir :<\/p>\n\n\n\n<ol class=\"wp-block-list\">\n<li>Les ressources invisibles et extra\u2026ordinaires en vous<\/li>\n\n\n\n<li>Ce qui vous emp\u00eache de les voir (peurs, croyances, blessures de l&rsquo;\u00e2me,&#8230;)<\/li>\n\n\n\n<li>Ce qui vous sublime<\/li>\n<\/ol>\n\n\n<div class=\"wp-block-image\">\n<figure class=\"aligncenter size-full\"><a href=\"https:\/\/www.formalogo.be\/wp-content\/uploads\/2025\/08\/image.jpeg\"><img loading=\"lazy\" decoding=\"async\" width=\"144\" height=\"152\" src=\"https:\/\/www.formalogo.be\/wp-content\/uploads\/2025\/08\/image.jpeg\" alt=\"\" class=\"wp-image-938\"\/><\/a><\/figure>\n<\/div>\n\n\n<p><strong><u>Descriptif&nbsp;:<\/u><\/strong><\/p>\n\n\n\n<p>Au c\u0153ur de nous-m\u00eame, dans le silence de nos vies tr\u00e9pidantes, nous avons une petite voix qui nous conna\u00eet par c\u0153ur et qui ne veut que notre bien.<\/p>\n\n\n\n<p>C\u2019est ce que j\u2019appelle le Langage Du C\u0153ur\u00ae.<\/p>\n\n\n\n<p>Quand nous nous connectons \u00e0 notre c\u0153ur, notre boussole int\u00e9rieure, nous retrouvons un sentiment de calme, de paix, d\u2019alignement et de certitude qui transcende nos doutes et nos peurs.<\/p>\n\n\n\n<p>Le LDC nous lib\u00e8re d\u2019un poids et nous all\u00e8ge tant sur le plan physique, \u00e9motionnel, mental et spirituel.<\/p>\n\n\n\n<p>Vous m\u00e9ritez de vivre en paix, serein.e et align\u00e9.e avec votre authenticit\u00e9. <\/p>\n\n\n\n<p><strong>Durant ce parcours<\/strong>, je vous invite \u00e0 prendre ce TEMPS POUR VOUS.                                                    Je vous guide pour d\u00e9couvrir les R\u00c9PONSES et les nombreuses RESSOURCES qui sont d\u00e9j\u00e0 naturellement en vous (sans que vous en ayez conscience).<\/p>\n\n\n\n<p>Je vous propose de nombreux OUTILS pour vous rendre autonome et ne plus aller chercher \u00e0 l\u2019ext\u00e9rieur ce qui est d\u00e9j\u00e0 pr\u00e9sent en vous.<\/p>\n\n\n\n<p>Pendant 8 mois, je vous accompagne dans ce parcours unique o\u00f9 vous apprendrez \u00e0 vous \u00e9couter, \u00e0 vous comprendre, \u00e0 vous \u00e9panouir pleinement et \u00e0 retrouver un alignement profond.<\/p>\n\n\n\n<p><strong>Je vous<\/strong> <strong>apprends \u00e0 vous sentir ancr\u00e9 et \u00e0 trouver VOTRE ancrage (il en existe un propre \u00e0 chacun).<\/strong><\/p>\n\n\n\n<p>Vous vous sentez alors en s\u00e9curit\u00e9 et vos projets peuvent voir le jour, s&rsquo;ancrer avec fluidit\u00e9 dans la mati\u00e8re.<\/p>\n\n\n\n<p><strong>Je vous fais ressentir les messages de votre corps.<\/strong><\/p>\n\n\n\n<p>Vous prenez conscience de vos limites. Vous savez ce que vous voulez et vous osez l\u2019exprimer. Vous pouvez dire non \u00e0 ce qui ne vous correspond plus.<\/p>\n\n\n\n<p><strong>Je vous guide pour cr\u00e9er davantage d\u2019espace en vous.<\/strong><\/p>\n\n\n\n<p>Votre vision s\u2019\u00e9claire et vous savez ce dont vous avez besoin pour faire perdurer cet \u00e9tat.<\/p>\n\n\n\n<p><strong>Je vous apprends \u00e0 \u00e9lever votre vibration et \u00e0 garder votre \u00e9nergie.<\/strong><\/p>\n\n\n\n<p>Vous parvenez \u00e0 exprimer vos \u00e9motions avec les mots justes et qui apaisent.<\/p>\n\n\n\n<p><strong>Je vous montre comment calmer votre mental et faire davantage confiance \u00e0 votre intuition.<\/strong><\/p>\n\n\n\n<p><strong>Je vous guide vers une \u00e9coute profonde de \u00ab\u00a0vous-m\u00eame\u00a0\u00bb et de ce qui vous sublime. <\/strong><\/p>\n\n\n\n<p><strong>Je d\u00e9veloppe votre connexion \u00e0 l&rsquo;UNI&#8230;VERS.<\/strong><\/p>\n\n\n\n<p>Vous vous sentez en paix, vibrant et vivant. Vos actions sont en ad\u00e9quation avec vos ressentis, vos pens\u00e9es et votre intuition.<\/p>\n\n\n\n<p>Vous vous reconnectez \u00e0 vous-m\u00eame. Vous trouvez VOTRE place.<\/p>\n\n\n\n<p><strong>Vous apprenez \u00e0 ressentir, respecter et \u00e0 exprimer vos besoins et vos \u00e9motions de la mani\u00e8re la plus juste qui soit. Vous osez \u00eatre pleinement vous-m\u00eame dans votre vie<\/strong> <strong>personnelle et professionnelle.<\/strong><\/p>\n\n\n\n<p>Ainsi, mon accompagnement vous permettra de mettre en lumi\u00e8re vos dons uniques et de vous lib\u00e9rer de vos peurs et de vos croyances limitantes pour ressentir un apaisement, un alignement avec votre v\u00e9ritable essence. Vous ressentirez un regain d\u2019\u00e9nergie durable.<\/p>\n\n\n\n<p>Ce parcours vous promet une r\u00e9elle transformation.<\/p>\n\n\n\n<p>Il se veut avant tout pratique m\u00eame si un support th\u00e9orique, tr\u00e8s complet, vous sera \u00e9galement fourni.<\/p>\n\n\n\n<p>Vous assisterez \u00e0 des soins en direct.<\/p>\n\n\n\n<p>Je vous proposerai des r\u00e9ponses adapt\u00e9es \u00e0 100% \u00e0 la personne unique que vous \u00eates (\u00e9tant moi-m\u00eame guid\u00e9e&nbsp;\ud83d\ude09). <\/p>\n\n\n\n<p><strong>J&rsquo;ai le don d&rsquo;accompagner et de mettre en lumi\u00e8re ce dont la personne a besoin. Elle y voit plus clair, se sent align\u00e9e et peut vibrer de son plein potentiel.<\/strong><\/p>\n\n\n\n<p><br><strong>Entre les diff\u00e9rentes journ\u00e9es<\/strong> vous continuerez d\u2019\u00eatre accompagn\u00e9s par l\u2019invitation \u00e0 r\u00e9aliser des exercices tels que des m\u00e9ditations guid\u00e9es et des actions sp\u00e9cifiques \u00e0 faire pour rester dans l\u2019\u00e9nergie de ce que vous aurez d\u00e9couvert et pour rester connect\u00e9.e avec vous-m\u00eame.<\/p>\n\n\n\n<p>Des liens et des \u00e9changes puissants se feront entre les participants. Dont voici les <strong>quelques retours <\/strong>:<\/p>\n\n\n\n<figure class=\"wp-block-image size-full\"><a href=\"https:\/\/www.formalogo.be\/wp-content\/uploads\/2025\/08\/image.png\"><img loading=\"lazy\" decoding=\"async\" width=\"945\" height=\"472\" src=\"https:\/\/www.formalogo.be\/wp-content\/uploads\/2025\/08\/image.png\" alt=\"\" class=\"wp-image-941\" srcset=\"https:\/\/www.formalogo.be\/wp-content\/uploads\/2025\/08\/image.png 945w, https:\/\/www.formalogo.be\/wp-content\/uploads\/2025\/08\/image-300x150.png 300w, https:\/\/www.formalogo.be\/wp-content\/uploads\/2025\/08\/image-768x384.png 768w, https:\/\/www.formalogo.be\/wp-content\/uploads\/2025\/08\/image-624x312.png 624w\" sizes=\"auto, (max-width: 945px) 100vw, 945px\" \/><\/a><\/figure>\n\n\n\n<ul class=\"wp-block-list\">\n<li>Ce parcours m\u2019a fait le plus grand bien. J\u2019en suis ressortie confiante, sereine et d\u00e9termin\u00e9e ! Un vrai BONHEUR. A<\/li>\n\n\n\n<li>Je sens que mes perceptions s\u2019affinent, que des choses \u00e9voluent profond\u00e9ment en moi\u2026<\/li>\n\n\n\n<li>Je me sens tr\u00e8s bien !&nbsp; Ce parcours a \u00e9t\u00e9 riche et lib\u00e9rateur pour moi.&nbsp; Merci, merci, merci du fond de mon coeur \ud83d\ude4f Je me sens soulag\u00e9e, all\u00e9g\u00e9e, apais\u00e9e et tranquille.<\/li>\n\n\n\n<li>Depuis ce parcours, je ressens tr\u00e8s fort le flux d&rsquo;\u00e9nergie douce, tranquille et en m\u00eame temps tellement puissante qui monte en colonne de la Terre, comme un magma d&rsquo;\u00e9nergie\/d&rsquo;amour tout droit sorti de Terre.\u00a0 C&rsquo;est comme un coussin sur lequel je peux m&rsquo;appuyer tant c&rsquo;est puissant. Me savoir guid\u00e9e est aussi tr\u00e8s rassurant.\u00a0\u00a0Gr\u00e2ce toi, toutes les pi\u00e8ces du puzzle s&#8217;embo\u00eetent.\u00a0 Tout prend sens.<\/li>\n\n\n\n<li>Merci pour tout l\u2019amour, toute l\u2019\u00e9nergie positive, toute la puret\u00e9 que tu portes et que tu transmets. J\u2019ai ador\u00e9 ce parcours.<br>Au d\u00e9but, je m\u2019attendais \u00e0 recevoir beaucoup plus de th\u00e9orie, mais j\u2019ai compris pourquoi ce n\u2019\u00e9tait pas n\u00e9cessaire : tout est d\u00e9j\u00e0 en nous.<br>C\u2019est un travail int\u00e9rieur, avec des \u00e9tapes \u00e0 franchir, li\u00e9es \u00e0 l\u2019ancrage, \u00e0 l\u2019alignement, \u00e0 la pr\u00e9sence. Ce sont des exercices\u2026 o\u00f9 en r\u00e9alit\u00e9 il n\u2019y a rien \u00e0 \u00ab faire \u00bb. Juste \u00eatre.<br>J\u2019ai aussi r\u00e9alis\u00e9 l\u2019importance des moments de silence, de repos, de ces instants o\u00f9 l\u2019on s\u2019autorise simplement \u00e0 \u00eatre l\u00e0. C\u2019est quelque chose que je commence vraiment \u00e0 int\u00e9grer, et qui m\u2019aide \u00e9norm\u00e9ment \u00e0 \u00e9voluer.<br>Merci, vraiment merci, du fond du c\u0153ur. Et reste comme tu es : lumineuse et\u00a0authentique. R.<\/li>\n\n\n\n<li>Je n\u2019ai pas encore pris le temps de te remercier pour ces belles journ\u00e9es \ud83d\ude4f\ud83c\udf40J\u2019ai le sentiment de m\u2019\u00eatre \u00ab recabl\u00e9 \u00bb \u00e0 l\u2019essentiel. L\u2019univers me le montre tous les jours \u2665\ufe0f F.<\/li>\n<\/ul>\n\n\n\n<p><strong>Pour qui?<\/strong><\/p>\n\n\n\n<p>Ce parcours transformationnel attire de plus en plus de personnes ayant d\u00e9j\u00e0 suivi de nombreuses formations en d\u00e9veloppement personnel (formateurs, chefs d&rsquo;entreprise, coaches, logop\u00e8des, th\u00e9rapeutes,&#8230;)<\/p>\n\n\n\n<p>Il est ouvert \u00e0 toute personne en qu\u00eate de SENS profond, ayant d\u00e9j\u00e0 suivi un cheminement personnel. Ainsi qu&rsquo;\u00e0 toute personne souhaitant rayonner de son plein potentiel.<\/p>\n\n\n\n<p><strong>B\u00e9n\u00e9fices :<\/strong><\/p>\n\n\n\n<p>D&rsquo;\u00e9normes transformations s&rsquo;op\u00e8rent \u00e0 chaque parcours. Cela tant au niveau professionnel que priv\u00e9.<br>Ce parcours met en lumi\u00e8re les ressources et talents naturels de chaque participant. Il le guidera en toute bienveillance vers l&rsquo;amour et la reconnaissance de lui-m\u00eame, \u00e9tape par \u00e9tape, avec des pratiques douces, introspectives et align\u00e9es \u00e0 son essence profonde.<\/p>\n\n\n\n<p>La formation au Langage Du Coeur\u00ae n&rsquo;existe nulle part ailleurs.<br>Cet outil \u00e0 \u00e9t\u00e9 valid\u00e9 par des centaines d&rsquo;heures de pratique et de soins. <\/p>\n\n\n\n<p><strong>Quand&nbsp;?<\/strong><\/p>\n\n\n\n<p><strong>CHANGEMENT de DATE<\/strong>!! <strong>1<sup>\u00e8re<\/sup> journ\u00e9e le 18 mai 2026<\/strong> \u00e0 Braine-l\u2019Alleud en pleine nature au sein d\u2019un groupe de maximum 8 personnes. Les 4 dates suivantes seront \u00e0 d\u00e9terminer avec le groupe.<\/p>\n\n\n\n<p><strong>Investissement sur \u00ab\u00a0vous-m\u2019aime\u00a0\u00bb<\/strong>\u00a0:                                                                                                2200\u20ac (HTVA) pour les inscriptions avant le 18\/4\/26                                                                               2500\u20ac (HTVA) pour les inscriptions apr\u00e8s le 18\/4\/26<\/p>\n\n\n\n<p><\/p>\n\n\n\n<p>Cela vibre pour vous? Vous avez des questions? N&rsquo;h\u00e9sitez pas \u00e0 compl\u00e9ter le formulaire ci-dessous, je me ferai une joie de prendre contact avec vous pour en discuter (le montant ne doit pas \u00eatre un frein).<\/p>\n\n\n\n<div class=\"wpcf7 no-js\" id=\"wpcf7-f416-o1\" lang=\"fr-FR\" dir=\"ltr\" data-wpcf7-id=\"416\">\n<div class=\"screen-reader-response\"><p role=\"status\" aria-live=\"polite\" aria-atomic=\"true\"><\/p> <ul><\/ul><\/div>\n<form action=\"\/index.php?rest_route=%2Fwp%2Fv2%2Fpages%2F931#wpcf7-f416-o1\" method=\"post\" class=\"wpcf7-form init\" aria-label=\"Formulaire de contact\" novalidate=\"novalidate\" data-status=\"init\">\n<fieldset class=\"hidden-fields-container\"><input type=\"hidden\" name=\"_wpcf7\" value=\"416\" \/><input type=\"hidden\" name=\"_wpcf7_version\" value=\"6.1.5\" \/><input type=\"hidden\" name=\"_wpcf7_locale\" value=\"fr_FR\" \/><input type=\"hidden\" name=\"_wpcf7_unit_tag\" value=\"wpcf7-f416-o1\" \/><input type=\"hidden\" name=\"_wpcf7_container_post\" value=\"0\" \/><input type=\"hidden\" name=\"_wpcf7_posted_data_hash\" value=\"\" \/><input type=\"hidden\" name=\"_wpcf7_recaptcha_response\" value=\"\" \/>\n<\/fieldset>\n<p><label> Pr\u00e9nom*<br \/>\n<span class=\"wpcf7-form-control-wrap\" data-name=\"prenom\"><input size=\"40\" maxlength=\"400\" class=\"wpcf7-form-control wpcf7-text wpcf7-validates-as-required\" aria-required=\"true\" aria-invalid=\"false\" value=\"\" type=\"text\" name=\"prenom\" \/><\/span> <\/label>\n<\/p>\n<p><label> Nom*<br \/>\n<span class=\"wpcf7-form-control-wrap\" data-name=\"nom\"><input size=\"40\" maxlength=\"400\" class=\"wpcf7-form-control wpcf7-text wpcf7-validates-as-required\" aria-required=\"true\" aria-invalid=\"false\" value=\"\" type=\"text\" name=\"nom\" \/><\/span> <\/label>\n<\/p>\n<p><label> Adresse*<br \/>\n<span class=\"wpcf7-form-control-wrap\" data-name=\"adresse\"><input size=\"40\" maxlength=\"400\" class=\"wpcf7-form-control wpcf7-text wpcf7-validates-as-required\" aria-required=\"true\" aria-invalid=\"false\" value=\"\" type=\"text\" name=\"adresse\" \/><\/span> <\/label>\n<\/p>\n<p><label> email*<br \/>\n<span class=\"wpcf7-form-control-wrap\" data-name=\"your-email\"><input size=\"40\" maxlength=\"400\" class=\"wpcf7-form-control wpcf7-email wpcf7-validates-as-required wpcf7-text wpcf7-validates-as-email\" aria-required=\"true\" aria-invalid=\"false\" value=\"\" type=\"email\" name=\"your-email\" \/><\/span> <\/label>\n<\/p>\n<p><label> T\u00e9l\u00e9phone*<br \/>\n<span class=\"wpcf7-form-control-wrap\" data-name=\"telephone\"><input size=\"40\" maxlength=\"400\" class=\"wpcf7-form-control wpcf7-tel wpcf7-validates-as-required wpcf7-text wpcf7-validates-as-tel\" aria-required=\"true\" aria-invalid=\"false\" value=\"\" type=\"tel\" name=\"telephone\" \/><\/span> <\/label>\n<\/p>\n<p><label> Sujet*<br \/>\n<span class=\"wpcf7-form-control-wrap\" data-name=\"sujet\"><input size=\"40\" maxlength=\"400\" class=\"wpcf7-form-control wpcf7-text wpcf7-validates-as-required\" aria-required=\"true\" aria-invalid=\"false\" value=\"\" type=\"text\" name=\"sujet\" \/><\/span> <\/label>\n<\/p>\n<p><label> Votre message*<br \/>\n<span class=\"wpcf7-form-control-wrap\" data-name=\"message\"><textarea cols=\"40\" rows=\"10\" maxlength=\"2000\" class=\"wpcf7-form-control wpcf7-textarea wpcf7-validates-as-required\" aria-required=\"true\" aria-invalid=\"false\" name=\"message\"><\/textarea><\/span> <\/label>\n<\/p>\n<p>* informations obligatoires<br \/>\n<br \/>\n<input class=\"wpcf7-form-control wpcf7-submit has-spinner\" type=\"submit\" value=\"Envoyer\" \/>\n<\/p><p style=\"display: none !important;\" class=\"akismet-fields-container\" data-prefix=\"_wpcf7_ak_\"><label>&#916;<textarea name=\"_wpcf7_ak_hp_textarea\" cols=\"45\" rows=\"8\" maxlength=\"100\"><\/textarea><\/label><input type=\"hidden\" id=\"ak_js_1\" name=\"_wpcf7_ak_js\" value=\"219\"\/><script>document.getElementById( \"ak_js_1\" ).setAttribute( \"value\", ( new Date() ).getTime() );<\/script><\/p><div class=\"wpcf7-response-output\" aria-hidden=\"true\"><\/div>\n<\/form>\n<\/div>\n\n","protected":false},"excerpt":{"rendered":"<p>L\u2019\u00e9veil \u00e0 soi par le Langage Du C\u0153ur\u00ae, 5 jours r\u00e9partis sur 8 mois pour : Nous sommes nombreux \u00e0 chercher la paix int\u00e9rieure et \u00e0 vouloir nous reconnecter \u00e0 nous-m\u00eame. Mais souvent, les m\u00e9thodes semblent superficielles et le v\u00e9ritable changement para\u00eet hors de port\u00e9e. Aujourd\u2019hui, j\u2019ai envie de vous proposer un parcours diff\u00e9rent, con\u00e7u [&hellip;]<\/p>\n","protected":false},"author":1,"featured_media":0,"parent":587,"menu_order":0,"comment_status":"closed","ping_status":"closed","template":"","meta":{"footnotes":""},"class_list":["post-931","page","type-page","status-publish","hentry"],"_links":{"self":[{"href":"https:\/\/www.formalogo.be\/index.php?rest_route=\/wp\/v2\/pages\/931","targetHints":{"allow":["GET"]}}],"collection":[{"href":"https:\/\/www.formalogo.be\/index.php?rest_route=\/wp\/v2\/pages"}],"about":[{"href":"https:\/\/www.formalogo.be\/index.php?rest_route=\/wp\/v2\/types\/page"}],"author":[{"embeddable":true,"href":"https:\/\/www.formalogo.be\/index.php?rest_route=\/wp\/v2\/users\/1"}],"replies":[{"embeddable":true,"href":"https:\/\/www.formalogo.be\/index.php?rest_route=%2Fwp%2Fv2%2Fcomments&post=931"}],"version-history":[{"count":27,"href":"https:\/\/www.formalogo.be\/index.php?rest_route=\/wp\/v2\/pages\/931\/revisions"}],"predecessor-version":[{"id":1232,"href":"https:\/\/www.formalogo.be\/index.php?rest_route=\/wp\/v2\/pages\/931\/revisions\/1232"}],"up":[{"embeddable":true,"href":"https:\/\/www.formalogo.be\/index.php?rest_route=\/wp\/v2\/pages\/587"}],"wp:attachment":[{"href":"https:\/\/www.formalogo.be\/index.php?rest_route=%2Fwp%2Fv2%2Fmedia&parent=931"}],"curies":[{"name":"wp","href":"https:\/\/api.w.org\/{rel}","templated":true}]}}