{"id":1002,"date":"2025-08-19T13:31:06","date_gmt":"2025-08-19T12:31:06","guid":{"rendered":"https:\/\/www.formalogo.be\/?page_id=1002"},"modified":"2026-03-15T13:44:14","modified_gmt":"2026-03-15T12:44:14","slug":"jeu-mathopere","status":"publish","type":"page","link":"https:\/\/www.formalogo.be\/?page_id=1002","title":{"rendered":"Jeu Mathop\u00e8re"},"content":{"rendered":"\n<figure class=\"wp-block-image size-large\"><img loading=\"lazy\" decoding=\"async\" width=\"1024\" height=\"768\" src=\"http:\/\/www.formalogo.be\/wp-content\/uploads\/2020\/09\/DSC07776-1024x768.jpg\" alt=\"\" class=\"wp-image-518\" srcset=\"https:\/\/www.formalogo.be\/wp-content\/uploads\/2020\/09\/DSC07776-1024x768.jpg 1024w, https:\/\/www.formalogo.be\/wp-content\/uploads\/2020\/09\/DSC07776-300x225.jpg 300w, https:\/\/www.formalogo.be\/wp-content\/uploads\/2020\/09\/DSC07776-768x576.jpg 768w\" sizes=\"auto, (max-width: 1024px) 100vw, 1024px\" \/><\/figure>\n\n\n<p>V\u00e9ronique Degroote, logop\u00e8de-orthophoniste sp\u00e9cialis\u00e9e en dyscalculie, vous propose un JEU pour travailler les 4 op\u00e9rations MATHEMATIQUES.<\/p>\n<p>\u00ab\u00a0Les chemins de <strong><em>MATHOPERE<\/em><\/strong>\u00a0\u00bb permet de comprendre et de fixer le sens des op\u00e9rations d\u2019addition, de soustraction, de multiplication et de division.<\/p>\n<p>Les 4 op\u00e9rations ainsi que leur compl\u00e9mentarit\u00e9 et r\u00e9ciprocit\u00e9, sont donc travaill\u00e9es dans un m\u00eame jeu\u00a0!!<\/p>\n<p>Les diff\u00e9rentes op\u00e9rations sont manipul\u00e9es et spatialis\u00e9es, ainsi, les enfants les distinguent et les comprennent facilement.<\/p>\n<p>Il ne s\u2019agit en aucun cas de drill mais bien de compr\u00e9hension\u00a0!<\/p>\n<p>Le mat\u00e9riel propos\u00e9 est tr\u00e8s riche. Il est compos\u00e9 notamment d\u2019une ligne num\u00e9rique jusqu\u2019\u00e0 100, sur laquelle les joueurs se d\u00e9placent tout au long des parties, et de 100 r\u00e9glettes de diff\u00e9rentes tailles (chiffre arabe d&rsquo;un c\u00f4t\u00e9 et points de l&rsquo;autre). Cela stimule une repr\u00e9sentation \u00e0 la fois visuelle, spatiale et tactile des nombres et des op\u00e9rations et permet de nombreuses d\u00e9couvertes en plus de celles d\u00e9crites dans le jeu.<\/p>\n<p>4 niveaux de jeu sont propos\u00e9s permettant un apprentissage \u00e9volutif.<\/p>\n\n<div class=\"wpcf7 no-js\" id=\"wpcf7-f416-o1\" lang=\"fr-FR\" dir=\"ltr\" data-wpcf7-id=\"416\">\n<div class=\"screen-reader-response\"><p role=\"status\" aria-live=\"polite\" aria-atomic=\"true\"><\/p> <ul><\/ul><\/div>\n<form action=\"\/index.php?rest_route=%2Fwp%2Fv2%2Fpages%2F1002#wpcf7-f416-o1\" method=\"post\" class=\"wpcf7-form init\" aria-label=\"Formulaire de contact\" novalidate=\"novalidate\" data-status=\"init\">\n<fieldset class=\"hidden-fields-container\"><input type=\"hidden\" name=\"_wpcf7\" value=\"416\" \/><input type=\"hidden\" name=\"_wpcf7_version\" value=\"6.1.5\" \/><input type=\"hidden\" name=\"_wpcf7_locale\" value=\"fr_FR\" \/><input type=\"hidden\" name=\"_wpcf7_unit_tag\" value=\"wpcf7-f416-o1\" \/><input type=\"hidden\" name=\"_wpcf7_container_post\" value=\"0\" \/><input type=\"hidden\" name=\"_wpcf7_posted_data_hash\" value=\"\" \/><input type=\"hidden\" name=\"_wpcf7_recaptcha_response\" value=\"\" \/>\n<\/fieldset>\n<p><label> Pr\u00e9nom*<br \/>\n<span class=\"wpcf7-form-control-wrap\" data-name=\"prenom\"><input size=\"40\" maxlength=\"400\" class=\"wpcf7-form-control wpcf7-text wpcf7-validates-as-required\" aria-required=\"true\" aria-invalid=\"false\" value=\"\" type=\"text\" name=\"prenom\" \/><\/span> <\/label>\n<\/p>\n<p><label> Nom*<br \/>\n<span class=\"wpcf7-form-control-wrap\" data-name=\"nom\"><input size=\"40\" maxlength=\"400\" class=\"wpcf7-form-control wpcf7-text wpcf7-validates-as-required\" aria-required=\"true\" aria-invalid=\"false\" value=\"\" type=\"text\" name=\"nom\" \/><\/span> <\/label>\n<\/p>\n<p><label> Adresse*<br \/>\n<span class=\"wpcf7-form-control-wrap\" data-name=\"adresse\"><input size=\"40\" maxlength=\"400\" class=\"wpcf7-form-control wpcf7-text wpcf7-validates-as-required\" aria-required=\"true\" aria-invalid=\"false\" value=\"\" type=\"text\" name=\"adresse\" \/><\/span> <\/label>\n<\/p>\n<p><label> email*<br \/>\n<span class=\"wpcf7-form-control-wrap\" data-name=\"your-email\"><input size=\"40\" maxlength=\"400\" class=\"wpcf7-form-control wpcf7-email wpcf7-validates-as-required wpcf7-text wpcf7-validates-as-email\" aria-required=\"true\" aria-invalid=\"false\" value=\"\" type=\"email\" name=\"your-email\" \/><\/span> <\/label>\n<\/p>\n<p><label> T\u00e9l\u00e9phone*<br \/>\n<span class=\"wpcf7-form-control-wrap\" data-name=\"telephone\"><input size=\"40\" maxlength=\"400\" class=\"wpcf7-form-control wpcf7-tel wpcf7-validates-as-required wpcf7-text wpcf7-validates-as-tel\" aria-required=\"true\" aria-invalid=\"false\" value=\"\" type=\"tel\" name=\"telephone\" \/><\/span> <\/label>\n<\/p>\n<p><label> Sujet*<br \/>\n<span class=\"wpcf7-form-control-wrap\" data-name=\"sujet\"><input size=\"40\" maxlength=\"400\" class=\"wpcf7-form-control wpcf7-text wpcf7-validates-as-required\" aria-required=\"true\" aria-invalid=\"false\" value=\"\" type=\"text\" name=\"sujet\" \/><\/span> <\/label>\n<\/p>\n<p><label> Votre message*<br \/>\n<span class=\"wpcf7-form-control-wrap\" data-name=\"message\"><textarea cols=\"40\" rows=\"10\" maxlength=\"2000\" class=\"wpcf7-form-control wpcf7-textarea wpcf7-validates-as-required\" aria-required=\"true\" aria-invalid=\"false\" name=\"message\"><\/textarea><\/span> <\/label>\n<\/p>\n<p>* informations obligatoires<br \/>\n<br \/>\n<input class=\"wpcf7-form-control wpcf7-submit has-spinner\" type=\"submit\" value=\"Envoyer\" \/>\n<\/p><p style=\"display: none !important;\" class=\"akismet-fields-container\" data-prefix=\"_wpcf7_ak_\"><label>&#916;<textarea name=\"_wpcf7_ak_hp_textarea\" cols=\"45\" rows=\"8\" maxlength=\"100\"><\/textarea><\/label><input type=\"hidden\" id=\"ak_js_1\" name=\"_wpcf7_ak_js\" value=\"232\"\/><script>document.getElementById( \"ak_js_1\" ).setAttribute( \"value\", ( new Date() ).getTime() );<\/script><\/p><div class=\"wpcf7-response-output\" aria-hidden=\"true\"><\/div>\n<\/form>\n<\/div>\n\n<p>4 jeux en 1 \u00e0 121\u20ac TVAC<\/p>\n<p>Voici une vid\u00e9o vous pr\u00e9sentant la richesse de ce mat\u00e9riel ainsi que des exemples d&rsquo;activit\u00e9s compl\u00e9mentaires \u00e0 proposer en fonction de la difficult\u00e9 :<\/p>\n<p>https:\/\/vimeo.com\/showcase\/11077085\/video\/543064308<\/p>\n<p><a href=\"http:\/\/www.formalogo.be\/wp-content\/uploads\/2018\/11\/Mathop\u00e8re-activit\u00e9s-compl\u00e9mentaires.pptx\">Mathop\u00e8re activit\u00e9s compl\u00e9mentaires<\/a><\/p>","protected":false},"excerpt":{"rendered":"<p>V\u00e9ronique Degroote, logop\u00e8de-orthophoniste sp\u00e9cialis\u00e9e en dyscalculie, vous propose un JEU pour travailler les 4 op\u00e9rations MATHEMATIQUES. \u00ab\u00a0Les chemins de MATHOPERE\u00a0\u00bb permet de comprendre et de fixer le sens des op\u00e9rations d\u2019addition, de soustraction, de multiplication et de division. Les 4 op\u00e9rations ainsi que leur compl\u00e9mentarit\u00e9 et r\u00e9ciprocit\u00e9, sont donc travaill\u00e9es dans un m\u00eame jeu\u00a0!! Les [&hellip;]<\/p>\n","protected":false},"author":1,"featured_media":0,"parent":65,"menu_order":0,"comment_status":"closed","ping_status":"closed","template":"","meta":{"footnotes":""},"class_list":["post-1002","page","type-page","status-publish","hentry"],"_links":{"self":[{"href":"https:\/\/www.formalogo.be\/index.php?rest_route=\/wp\/v2\/pages\/1002","targetHints":{"allow":["GET"]}}],"collection":[{"href":"https:\/\/www.formalogo.be\/index.php?rest_route=\/wp\/v2\/pages"}],"about":[{"href":"https:\/\/www.formalogo.be\/index.php?rest_route=\/wp\/v2\/types\/page"}],"author":[{"embeddable":true,"href":"https:\/\/www.formalogo.be\/index.php?rest_route=\/wp\/v2\/users\/1"}],"replies":[{"embeddable":true,"href":"https:\/\/www.formalogo.be\/index.php?rest_route=%2Fwp%2Fv2%2Fcomments&post=1002"}],"version-history":[{"count":3,"href":"https:\/\/www.formalogo.be\/index.php?rest_route=\/wp\/v2\/pages\/1002\/revisions"}],"predecessor-version":[{"id":1213,"href":"https:\/\/www.formalogo.be\/index.php?rest_route=\/wp\/v2\/pages\/1002\/revisions\/1213"}],"up":[{"embeddable":true,"href":"https:\/\/www.formalogo.be\/index.php?rest_route=\/wp\/v2\/pages\/65"}],"wp:attachment":[{"href":"https:\/\/www.formalogo.be\/index.php?rest_route=%2Fwp%2Fv2%2Fmedia&parent=1002"}],"curies":[{"name":"wp","href":"https:\/\/api.w.org\/{rel}","templated":true}]}}